e factors of 54021?
3, 11, 1637
List the prime factors of 1592.
2, 199
List the prime factors of 10088.
2, 13, 97
List the prime factors of 459.
3, 17
List the prime factors of 1403.
23, 61
List the prime factors of 29255.
5, 5851
List the prime factors of 5099.
5099
What are the prime factors of 48231?
3, 23, 233
List the prime factors of 1990.
2, 5, 199
What are the prime factors of 392?
2, 7
List the prime factors of 25806.
2, 3, 11, 17, 23
What are the prime factors of 22605?
3, 5, 11, 137
List the prime factors of 5374.
2, 2687
List the prime factors of 127254.
2, 3, 127, 167
What are the prime factors of 17937?
3, 1993
What are the prime factors of 19064?
2, 2383
List the prime factors of 1119.
3, 373
What are the prime factors of 1530?
2, 3, 5, 17
What are the prime factors of 2063?
2063
What are the prime factors of 2224?
2, 139
What are the prime factors of 68772?
2, 3, 11, 521
What are the prime factors of 4529?
7, 647
List the prime factors of 27433.
7, 3919
List the prime factors of 6033.
3, 2011
What are the prime factors of 3941?
7, 563
List the prime factors of 449.
449
What are the prime factors of 604?
2, 151
List the prime factors of 27659.
17, 1627
What are the prime factors of 19839?
3, 17, 389
List the prime factors of 2033.
19, 107
List the prime factors of 42229.
11, 349
What are the prime factors of 14437?
14437
List the prime factors of 28841.
151, 191
List the prime factors of 33124.
2, 7, 13
List the prime factors of 23510.
2, 5, 2351
List the prime factors of 848.
2, 53
List the prime factors of 1130.
2, 5, 113
List the prime factors of 1554.
2, 3, 7, 37
List the prime factors of 36145.
5, 7229
List the prime factors of 35276.
2, 8819
What are the prime factors of 97322?
2, 48661
List the prime factors of 6087.
3, 2029
List the prime factors of 131302.
2, 65651
What are the prime factors of 11253?
3, 11, 31
List the prime factors of 23593.
23593
List the prime factors of 4273.
4273
What are the prime factors of 24620?
2, 5, 1231
List the prime factors of 4402.
2, 31, 71
What are the prime factors of 58628?
2, 14657
List the prime factors of 111665.
5, 23, 971
List the prime factors of 8647.
8647
List the prime factors of 880.
2, 5, 11
What are the prime factors of 60?
2, 3, 5
List the prime factors of 29779.
97, 307
List the prime factors of 2477.
2477
List the prime factors of 24024.
2, 3, 7, 11, 13
What are the prime factors of 678?
2, 3, 113
What are the prime factors of 8948?
2, 2237
What are the prime factors of 1365?
3, 5, 7, 13
What are the prime factors of 379?
379
List the prime factors of 143188.
2, 35797
List the prime factors of 373.
373
What are the prime factors of 17058?
2, 3, 2843
What are the prime factors of 1159?
19, 61
What are the prime factors of 22503?
3, 13, 577
List the prime factors of 112903.
7, 127
What are the prime factors of 26643?
3, 83, 107
What are the prime factors of 11239?
11239
What are the prime factors of 42750?
2, 3, 5, 19
List the prime factors of 96717.
3, 103, 313
What are the prime factors of 2683?
2683
List the prime factors of 27712.
2, 433
List the prime factors of 3907.
3907
What are the prime factors of 71575?
5, 7, 409
What are the prime factors of 25537?
25537
List the prime factors of 4169.
11, 379
List the prime factors of 28634.
2, 103, 139
List the prime factors of 6414.
2, 3, 1069
What are the prime factors of 2394?
2, 3, 7, 19
List the prime factors of 1436.
2, 359
What are the prime factors of 66162?
2, 3, 11027
List the prime factors of 81.
3
What are the prime factors of 5833?
19, 307
What are the prime factors of 32716?
2, 8179
List the prime factors of 22724.
2, 13, 19, 23
List the prime factors of 113283.
3, 41, 307
List the prime factors of 4448.
2, 139
What are the prime factors of 366?
2, 3, 61
What are the prime factors of 16789?
103, 163
What are the prime factors of 1618?
2, 809
What are the prime factors of 3875?
5, 31
What are the prime factors of 38222?
2, 29, 659
What are the prime factors of 1279?
1279
What are the prime factors of 41621?
41621
List the prime factors of 61584.
2, 3, 1283
List the prime factors of 681.
3, 227
What are the prime factors of 10093?
10093
What are the prime factors of 874?
2, 19, 23
List the prime factors of 3434.
2, 17, 101
What are the prime factors of 1154?
2, 577
What are the prime factors of 1702?
2, 23, 37
What are the prime factors of 657?
3, 73
List the prime factors of 198741.
3, 31, 2137
What are the prime factors of 870?
2, 3, 5, 29
What are the prime factors of 674?
2, 337
List the prime factors of 7827.
3, 2609
List the prime factors of 107965.
5, 11, 13, 151
What are the prime factors of 43229?
139, 311
List the prime factors of 25636.
2, 13, 17, 29
List the prime factors of 48740.
2, 5, 2437
List the prime factors of 60302.
2, 11, 2741
What are the prime factors of 274?
2, 137
What are the prime factors of 105933?
3, 35311
List the prime factors of 1415.
5, 283
What are the prime factors of 266?
2, 7, 19
What are the prime factors of 9185?
5, 11, 167
What are the prime factors of 3054?
2, 3, 509
What are the prime factors of 1003?
17, 59
List the prime factors of 46278.
2, 3, 857
What are the prime factors of 3631?
3631
List the prime factors of 61824.
2, 3, 7, 23
What are the prime factors of 1762?
2, 881
List the prime factors of 21711.
3, 7237
List the prime factors of 2804.
2, 701
What are the prime factors of 2859?
3, 953
List the prime factors of 5225.
5, 11, 19
What are the prime factors of 3044?
2, 761
What are the prime factors of 31729?
31729
List the prime factors of 44201.
44201
List the prime factors of 1637.
1637
What are the prime factors of 1802?
2, 17, 53
What are the prime factors of 1439?
1439
What are the prime factors of 34?
2, 17
List the prime factors of 54441.
3, 23, 263
What are the prime factors of 23318?
2, 89, 131
List the prime factors of 64155.
3, 5, 7, 13, 47
List the prime factors of 1073.
29, 37
What are the prime factors of 2256?
2, 3, 47
List the prime factors of 58402.
2, 29201
What are the prime factors of 5036?
2, 1259
What are the prime factors of 30180?
2, 3, 5, 503
List the prime factors of 5603.
13, 431
List the prime factors of 57898.
2, 28949
What are the prime factors of 59686?
2, 11, 2713
List the prime factors of 1820.
2, 5, 7, 13
What are the prime factors of 1668?
2, 3, 139
List the prime factors of 5533.
11, 503
List the prime factors of 39162.
2, 3, 61, 107
What are the prime factors of 5397?
3, 7, 257
List the prime factors of 6489.
3, 7, 103
What are the prime factors of 774?
2, 3, 43
List the prime factors of 4171.
43, 97
List the prime factors of 17886.
2, 3, 11, 271
What are the prime factors of 371?
7, 53
What are the prime factors of 2031?
3, 677
List the prime factors of 104897.
13, 8069
What are the prime factors of 1712?
2, 107
What are the prime factors of 2096?
2, 131
What are the prime factors of 1875?
3, 5
List the prime factors of 40688.
2, 2543
What are the prime factors of 1262?
2, 631
List the prime factors of 2581.
29, 89
What are the prime factors of 590?
2, 5, 59
List the prime factors of 27970.
2, 5, 2797
What are the prime factors of 65175?
3, 5, 11, 79
List the prime factors of 2553.
3, 23, 37
What are the prime factors of 8758?
2, 29, 151
What are the prime factors of 1079?
13, 83
List the prime factors of 45305.
5, 13, 17, 41
List the prime factors of 167.
167
List the prime factors of 65334.
2, 3, 10889
What are the prime factors of 7096?
2, 887
List the prime factors of 17820.
2, 3, 5, 11
List the prime factors of 935.
5, 11, 17
List the prime factors of 2980.
2, 5, 149
What are the prime factors of 1094?
2, 547
What are the prime factors of 40762?
2, 89, 229
List the prime factors of 2266.
2, 11, 103
What are the prime factors of 153413?
13, 11801
What are the prime factors of 51140?
2, 5, 2557
List the prime factors of 1981.
7, 283
List the prime factors of 36342.
2, 3, 673
List the prime factors of 1725.
3, 5, 23
What are the prime factors of 8497?
29, 293
What are the prime factors of 83057?
13, 6389
List the prime factors of 23844.
2, 3, 1987
List the prime factors of 6812.
2, 13, 131
What are the prime factors of 18?
2, 3
List the prime factors of 1928.
2, 241
List the prime factors of 2005.
5, 401
List the pri